22*n + 280803 = -5*u. Is n a composite number?
False
Let z be 2 + (-35)/14 + 43037/2. Let c = -15360 + z. Is c composite?
True
Suppose -875*f + 873*f + 445156 = 3*w, 4*f = -5*w + 890314. Is f prime?
False
Let k = 246 + -244. Suppose 2*c = -3*x + 6595, 9895 = 3*c - 0*c + k*x. Is c a composite number?
False
Let l = -210230 - -375193. Is l prime?
True
Let h be ((-1)/(-6)*178)/(3/1035). Suppose 5*a = 10*a - h. Is a prime?
False
Suppose 2*q + 0*q = 5*u + 2352, -q = -u - 1170. Suppose 3*g = 5*o - 1169, o - 2*g = -4*o + q. Suppose 5 = a, o = w - 5*a - 152. Is w composite?
False
Suppose 246*l = -246*l + 498*l - 556572. Is l prime?
False
Let v(k) = k**2 - 3*k - 13. Let c be v(6). Suppose -4*o + 42368 = 2*b - 5*b, c*o - 52929 = -4*b. Is o prime?
True
Let h = 23 + -75. Let d be (-1 - (-3 + h/(-20)))*5. Is 0 + -223*(-4 + d) a composite number?
True
Let q(b) = -626*b**3 - b**2 - 3. Suppose 12 = -4*a - 4*s, 5*a + 6 = 4*s - 9. Let c be q(a). Suppose -p + c = 9*p. Is p composite?
True
Let y(n) = 2*n**2 + 2*n - 1. Let j be y(1). Let f be (-7)/21*1698*-1*1. Suppose -403 = -j*m + f. Is m a composite number?
True
Let m = 258 - 231. Suppose -m*r = -49*r + 152482. Is r a composite number?
True
Let i(c) = 1287*c + 10. Let t(r) = -2*r - 38. Let v be t(-21). Let y be i(v). Is 1*(y/(-4))/((-11)/22) a prime number?
True
Is (-2 - (-98710)/(-20)*-62)*1 prime?
True
Suppose -8*h - 5*l = -3*h + 45, 29 = -3*h - 5*l. Let i(u) = -9*u**2 + 16*u**2 + 11*u + 4*u**2 - 13 + 8*u**2. Is i(h) composite?
True
Let l = 64 + -63. Suppose 0 = 2*h + l - 7. Suppose 2*g - 980 = -5*v + h*v, -g - 4*v + 487 = 0. Is g prime?
True
Let w(j) = -191*j**2 - 13*j - 15. Let n(q) = 64*q**2 + 5*q + 5. Let z(a) = -11*n(a) - 4*w(a). Is z(-2) prime?
True
Let p = -4382 - -9648. Is p a prime number?
False
Let p = 46214 + -14257. Is p composite?
False
Let c(m) = 1110*m**2 - 18*m - 7. Suppose -121*l + 120*l - 3 = 0. Is c(l) a composite number?
False
Suppose 0*y + 3*y - k - 3195 = 0, -k + 5317 = 5*y. Suppose f - j = y, -1880 = -5*f + 2*j + 3449. Is f prime?
False
Suppose 2*f - 17422 = 4*b + 26156, -3*b = f - 21764. Is f a prime number?
False
Suppose 3*t + 5 + 5 = c, 0 = -2*c + t. Let f be 1 - -2 - 12 - c. Let z(u) = 2*u**3 + 13*u**2 - 9*u - 1. Is z(f) a prime number?
True
Let l be 0 + 1/4 + (-7377)/(-12). Suppose 1699 = 3*a - 5*y, 2*a = 2*y + 1745 - l. Is a composite?
False
Let o(q) = 33459*q + 3101. Is o(8) prime?
False
Suppose -340611 = -4*b + 22*g - 27*g, -3*b + 3*g = -255492. Is b prime?
True
Let d(v) = -37*v**3 - 9*v**2 - 11. Let n(q) = 12*q**3 + 3*q**2 + 4. Let g(a) = -3*d(a) - 8*n(a). Let j = -13 + 18. Is g(j) prime?
True
Suppose 3*u - 1387722 = 5*c, -3*u + 2*c + 734925 + 652770 = 0. Is u a composite number?
True
Let t(s) = -2*s**3 - 42*s**2 - 117*s + 37. Is t(-32) composite?
False
Let h = 372 + -311. Let w(u) = -129*u**2 + 2*u + 1. Let t be w(-1). Let m = h - t. Is m a prime number?
True
Let a(t) = 19*t**3 - 24*t**2 - 6*t + 24. Suppose -4*d = -4*x - 32, 2*x = 2*d + 5*x - 31. Is a(d) composite?
False
Let n(i) be the third derivative of 221*i**4/24 + 29*i**3/3 - 5*i**2 - 3. Is n(21) prime?
False
Suppose -60 = 2*r + 3*r. Let t(v) be the third derivative of -19*v**4/2 + 11*v**3/6 - 295*v**2 + v. Is t(r) a composite number?
True
Suppose 0 = g - 131 - 41. Suppose -2*a - g = -788. Let z = 1347 + a. Is z prime?
False
Suppose 2150 = -2*z - 7*j + 3*j, 4*z + 4*j = -4284. Is z/(1/(-2) - (-13)/(-26)) composite?
True
Let w(v) = -86*v**3 + v**2 + 5*v - 3. Let a = -102 + 100. Is w(a) a prime number?
False
Let p(v) = -10*v**2 + 15*v - 15. Let o(d) = -d**3 + 11*d**2 - 14*d + 15. Let q(w) = -3*o(w) - 4*p(w). Is q(7) composite?
True
Suppose u + 4*t = -3*u + 24, 2*u = 5*t - 2. Suppose i + y - 1208 = -i, -4*i = -u*y - 2416. Suppose s - i = 3075. Is s prime?
False
Suppose -5*n - 18*x + 20*x = -34, -n = -5*x + 7. Suppose 5961 = a + 4*q, n*a - 17857 = 5*a + q. Is a prime?
True
Is -10254673*-4*(-3)/(-132) prime?
False
Let g(q) = q**2 - 15*q - 18. Let k be g(16). Let h be (-1 - k)*(4003 - (-1 + -3)). Is 1 + (-22)/18 + h/9 a prime number?
False
Let a(r) = 1205*r + 261. Let h(p) = -301*p - 65. Let k(f) = -2*a(f) - 9*h(f). Is k(4) composite?
False
Suppose -4519 = -5*a + 8006. Suppose -5*v + 10*v = -5*z + 30, 0 = 3*v - 9. Suppose 4*r - a = -3*i, 0 = -0*i + z*i + 2*r - 2499. Is i a composite number?
True
Suppose 12*a + 1261517 - 5494289 = 0. Is a a prime number?
False
Let u = -91773 - -170125. Let s = u - 45749. Is s composite?
False
Let u be (-70188)/(-28) - 30/(-105). Let a = u - -2640. Is a prime?
True
Let q be ((-20)/(-14))/(10/210). Let c(s) = -6 + 1 + 0 + q*s + 32. Is c(5) composite?
True
Let l be (1147/(-2) - 0)/(3/(-18)). Suppose 3*c = q + 4682 + l, 4*c - 10818 = -5*q. Is c composite?
False
Suppose 31*n + 14*n = 29*n + 592624. Is n a composite number?
False
Suppose 174158 = 13*c - 8622 + 33618. Is c composite?
True
Let d = -10663 - -14712. Is d prime?
True
Let i(g) = 52*g**2 + 10*g - 1. Let m be i(-7). Let o = m + -1227. Let j = -595 + o. Is j composite?
True
Let j = -3092 + -126. Let s = j + 6342. Suppose -4*q + s = 608. Is q prime?
False
Let s = -91 + 92. Let c be (-5)/20 + s/((-8)/(-66)). Suppose -c*m - 2798 = -10*m. Is m a prime number?
True
Let j(r) = 62*r**2 - 28*r - 53. Is j(-2) a composite number?
False
Let h(f) be the second derivative of 11*f**4/3 + 2*f**3/3 - 3*f**2/2 - f. Let t = -545 - -541. Is h(t) a composite number?
True
Suppose 4*j - 2*y + 17 - 109 = 0, 2*y + 117 = 5*j. Suppose -28*l + j*l + 561 = 0. Is l a prime number?
False
Let x(l) = 17*l**3 - 15*l**2 + 34*l + 69. Let t be x(-18). Is (t/6)/((-5)/10) prime?
True
Suppose 2*d = 2*o + 246914, -d + o + 370365 = 2*d. Suppose -13*k = 21*k - d. Is k prime?
True
Suppose 293120 = z + m - 220715, -4*z = 2*m - 2055328. Is z composite?
False
Let j(h) = -592*h + 2338. Is j(-33) a prime number?
False
Is 10/4*((-5367934)/(-65) - 8) composite?
True
Let r be (4*((-42)/12 - -5))/(3/(-201)). Suppose -3409 = -x - 3*x + j, -j = -3*x + 2558. Let g = x + r. Is g prime?
True
Suppose -4*w + 11*i - 7*i + 16 = 0, 5*i + 2 = -w. Is 4372/w*(-18)/(-12) prime?
False
Let l(a) = 41*a**2 - a + 3. Let p be l(4). Suppose 2*b - p = -v, b = -0*b - 2. Is v a prime number?
True
Let q(z) = -2*z**2 + 15*z - 20. Let p be q(8). Let b be 3/((-4)/p*1). Is (-8517)/(-7) - (15/b - 1) a composite number?
False
Let l(x) = x**3 + 7*x**2 - x + 18. Let m be l(-8). Let q = -33 - m. Suppose 3*t - 325 = -4*s, -q*s = 2*t - 7*t + 495. Is t a prime number?
True
Let u(v) = -v**2 + 18*v + 21. Let d be u(19). Let r(s) = 18*s + 0*s**3 + 4*s**d - 17 - 18*s**2 + s**3. Is r(14) composite?
True
Let d(c) = c**2 + c - 296*c**3 - 2 + 31*c**3 - 295*c**3. Let z be d(1). Let m = -163 - z. Is m prime?
True
Let p(v) be the first derivative of 39*v**4/4 + v**3/3 + 5*v**2 - 9*v + 89. Is p(4) composite?
False
Let x(u) = 15*u - 121. Let d be x(7). Let j(l) = -l**3 - 12*l**2 - 26*l + 37. Is j(d) prime?
False
Suppose 5*m - 521 = 2*f, 73 + 433 = 5*m + 3*f. Let r = -99 + m. Suppose 4*g + 5*s = 4609, -2*s = -r*g + 1311 + 3291. Is g a composite number?
False
Let o = 508195 + -336228. Is o a composite number?
True
Let i(o) = 1455*o + 97. Is i(14) a composite number?
True
Let n be (20/(-6))/((16/3270)/(-4)). Suppose n = -3*r + 6733. Suppose x = 5*x - r. Is x composite?
True
Let m(a) = -117*a + 66. Suppose 13 = 15*g - 62. Suppose 18 = -g*t - 27. Is m(t) a prime number?
False
Let h(g) = 1428*g**3 + 8*g**2 - 14*g + 3. Let u be h(4). Suppose -7*s = -6694 - u. Is s a prime number?
False
Suppose 0 = -4*j - 39 - 61. Let y = j - -27. Is ((-10)/(-6))/(4/312*y) prime?
False
Let m = 0 - -6. Let s = m - 6. Suppose s = -9*v + 11*v - 998. Is v composite?
False
Suppose 43*w = -19*w - 3985182 + 13364108. Is w a composite number?
False
Suppose -f + 27169 = 4*b - 6242, 0 = 5*b - 5. Is f a prime number?
False
Suppose 2*z + 113537 = 3*u, -147*u + 5*z = -154*u + 264852. Is u a composite number?
True
Is 4104361/51 - 7 - 1/(-3) a composite number?
False
Suppose -3*k = -2*h - 1414, -6*k = -4*k - 3*h - 951. Is (-7 - k/(-6))*47 a prime number?
False
Suppose -25*f = 20*f - 740520. Suppose 0 = -5*r + 116499 + f. Is r a prime number?
True
Let r be 2/15 - 460/75. Let i be (1 - r) + 17 + -20. Suppose -11116 = i*g - 8*g. Is g prime?
False
Let z(q) = -12*q + 36. Let i be z(3